{"id":2362,"date":"2020-06-09T10:47:09","date_gmt":"2020-06-09T08:47:09","guid":{"rendered":"http:\/\/chdouelafontaine.fr\/centre-hospitalier\/?page_id=2362"},"modified":"2021-11-24T15:33:56","modified_gmt":"2021-11-24T14:33:56","slug":"charte","status":"publish","type":"page","link":"https:\/\/chdouelafontaine.fr\/centre-hospitalier\/covid-19\/charte\/","title":{"rendered":"CHARTE D\u2019UTILISATION DE L\u2019OUTIL DE PRISE DE RENDEZ-VOUS"},"content":{"rendered":"<p>Madame, Monsieur<\/p>\n<p><span style=\"color: #ff6600; font-size: 18pt;\">ESPACES PROTEGES ET SALONS FERMES \u2013 OUTIL DE PRISE DE RDV INACTIF A CE JOUR SAUF POUR LES VISIO<\/span><\/p>\n<p>&nbsp;<\/p>\n<p>Vous avez d\u00e9sormais acc\u00e8s \u00e0 un outil de PRISE DE RENDEZ-VOUS EN LIGNE.<\/p>\n<p>Je vous invite donc \u00e0 les utiliser en vous remerciant de respecter les consignes suivantes\u00a0:<\/p>\n<ul>\n<li><strong>Un rendez-vous par semaine par famille<\/strong>,<\/li>\n<li>Dur\u00e9e du rendez-vous\u00a0: 30 minutes,<\/li>\n<li><strong>3 personnes au maximum<\/strong> (les enfants sont admis),<\/li>\n<li><strong>Les mesures barri\u00e8res sont obligatoires<\/strong>: <u>masques chirurgicaux pour tous les visiteurs y compris les enfants<\/u>, mise de solution hydro-alcoolique \u00e0 l\u2019entr\u00e9e de l\u2019espace, respect des distances pr\u00e9vues par l\u2019\u00e9tablissement avec votre proche, d\u00e9sinfection en partant de votre espace.<\/li>\n<\/ul>\n<p>Ces mesures sont destin\u00e9es \u00e0 prot\u00e9ger votre proche, personne vuln\u00e9rable et \u00e9galement l\u2019ensemble de la collectivit\u00e9 des r\u00e9sidents et \u00e0 prot\u00e9ger les personnes qui ont rendez vous apr\u00e8s vous. Je vous remercie de votre compr\u00e9hension.<\/p>\n<ul>\n<li><em><u>Sur le site de Dou\u00e9<\/u><\/em>, les 3 espaces sont ouverts sur les tranches suivantes\n<ul style=\"list-style-type: circle;\">\n<li>Espace 1 Int\u00e9rieur Prot\u00e9g\u00e9 (acc\u00e8s pr\u00e8s de l\u2019entr\u00e9e principale) de 10h00 \u00e0 17h00 (heure de d\u00e9but du RDV)<\/li>\n<li>Espace 2 Int\u00e9rieur Prot\u00e9g\u00e9 <em>(acc\u00e8s par grande banne pr\u00e8s salle \u00e0 manger)<\/em> de 10h15 \u00e0 17h15 (heure de d\u00e9but du RDV)<\/li>\n<li>Espace Ext\u00e9rieur d\u00e9di\u00e9 pour l\u2019UPHA (patio de l\u2019UPHA) <strong>selon le temps<\/strong> de 14h \u00e0 17h<\/li>\n<li>Ils restent ouverts de mani\u00e8re g\u00e9n\u00e9rale du mardi au vendredi (matin et apr\u00e8s-midi) et le samedi apr\u00e8s-midi<\/li>\n<li><strong>Les RDV en visio demeurent possibles<\/strong>.<\/li>\n<\/ul>\n<\/li>\n<li><em><u>Sur le site de Nueil sur Layon\u00a0:<\/u><\/em>\n<ul style=\"list-style-type: circle;\">\n<li>Espace Int\u00e9rieur Prot\u00e9g\u00e9 accessible les apr\u00e8s-midis les lundis, jeudis, vendredis et samedis<strong>,<\/strong><\/li>\n<li>horaire de l\u2019espace int\u00e9rieur les samedis : 13h15 \u00e0 16h15<\/li>\n<li>horaire les autres jours : 14h30 \u00e0 17h30<\/li>\n<li><strong>Les RDV en visio sont possibles les jeudis apr\u00e8s-midi et vendredi matin<\/strong>.<\/li>\n<\/ul>\n<\/li>\n<\/ul>\n<p><span style=\"color: #ff6600;\"><em><u>SALONS FAMILLES UNIQUEMENT POUR LES RESIDENTS ENTIEREMENT PROTEGES<br \/>\n<\/u><\/em><\/span><em><u>(2 injections et 3 semaines \u00e9coul\u00e9es apr\u00e8s la derni\u00e8re injection)<\/u><\/em><\/p>\n<ul>\n<li><em><u>Sur le site de Dou\u00e9<\/u><\/em>, les 3 SALONS FAMILLES sont ouverts sur les tranches suivantes :\n<ul>\n<li>SALON 1 (acc\u00e8s sur l\u2019arri\u00e8re du b\u00e2timent ) de 10h \u00e0 17h (heure de d\u00e9but du RDV) RESERVE AUX RESIDENTS DU RDC<\/li>\n<li>SALON 2 <em>(acc\u00e8s par l\u2019arri\u00e8re du b\u00e2timent)<\/em> de 10h15 \u00e0 17h15 (heure de d\u00e9but du RDV) RESERVE AUX RESIDENTS DU 1<sup>ER<\/sup> ETAGE<\/li>\n<li>SALON 3 (<em>acc\u00e8s par l\u2019arri\u00e8re du b\u00e2timent)<\/em> de 10h30 \u00e0 17h30 RESERVE AUX RESIDENTS DU 2<sup>\u00e8me<\/sup> \u00e9tage (et si plus de place au RDC et 1<sup>er<\/sup>, possibilit\u00e9 de s\u2019inscrire)<\/li>\n<\/ul>\n<\/li>\n<\/ul>\n<p><span style=\"color: #ff6600;\">MERCI DE RESPECTER LES INSCRIPTIONS EN FONCTION DES ETAGES POUR L&rsquo;ORGANISATION<\/span><\/p>\n<p>Ils sont ouverts du LUNDI au VENDREDI (prochainement le samedi).<\/p>\n<ul>\n<li><em><u>Sur le site de Nueil sur Layon\u00a0:<\/u><\/em>\n<ul>\n<li>SALON FAMILLE : (acc\u00e8s \u00e0 gauche \u00e0 l\u2019entr\u00e9e du b\u00e2timent) LUNDI, JEUDI, VENDREDI de 13h45 \u00e0 16h45 ET SAMEDI de 14h45 \u00e0 17h45<\/li>\n<\/ul>\n<\/li>\n<\/ul>\n<p>&nbsp;<\/p>\n<ul>\n<li><strong><u>Quelques \u00e9l\u00e9ments de fonctionnement de notre outil<\/u><\/strong>:\n<ul style=\"list-style-type: circle;\">\n<li>Une case de date blanche <em>(gris\u00e9e non s\u00e9lectionnable)<\/em> signifie soit qu\u2019aucun RDV n\u2019est disponible ou bien qu\u2019il n\u2019est pas mis \u00e0 disposition par l\u2019\u00e9tablissement,<\/li>\n<li>La r\u00e9servation doit se faire au minimum 36h \u00e0 l\u2019avance et au maximum 1 mois \u00e0 l\u2019avance,<\/li>\n<li><strong>ATTENTION : L\u2019\u00e9tablissement v\u00e9rifiera le respect des r\u00e8gles et pourra supprimer des RDV si les familles ne les respectent pas afin d\u2019assurer la possibilit\u00e9 \u00e0 chaque famille de voir son proche et de respecter les pr\u00e9cautions en mati\u00e8re de transmissions.<\/strong><\/li>\n<\/ul>\n<\/li>\n<\/ul>\n<ul>\n<li><u>Principe de fonctionnement de l\u2019outil<\/u>:\n<ul>\n<li>Se rendre sur l\u2019onglet \u00ab\u00a0R\u00e9servation\u00a0\u00bb dans la rubrique COVID-19,<\/li>\n<li>Valider la pr\u00e9sente charte pour acc\u00e9der \u00e0 la r\u00e9servation,<\/li>\n<li>Choisir le type de rencontre (en visio ou sur site),<\/li>\n<li>Choisir le lieu de rencontre (site de Dou\u00e9 ou Nueil, puis l\u2019espace),<\/li>\n<li>Choisir le cr\u00e9neau de votre visite (date puis horaire de d\u00e9but),<\/li>\n<li>Remplir les informations obligatoires du formulaire (votre nom, votre adresse email, le nom de votre proche),<\/li>\n<li>Saisir le code de s\u00e9curit\u00e9,<\/li>\n<li>Valider la r\u00e9servation (un mail automatique vous confirmera le rendez-vous).<\/li>\n<\/ul>\n<\/li>\n<\/ul>\n<p>Je vous remercie de votre patience, de votre compr\u00e9hension sur l\u2019organisation et parfois ses imperfections. Des personnels ont \u00e9t\u00e9 recrut\u00e9s en sus pour favoriser ces rencontres et il n\u2019est pas possible d\u2019en recruter davantage.<\/p>\n<div class=\"su-button-center\"><a href=\"https:\/\/chdouelafontaine.fr\/centre-hospitalier\/choix_resa\/\" class=\"su-button su-button-style-flat su-button-wide\" style=\"color:#030000;background-color:#33ede6;border-color:#29beb8;border-radius:66px\" target=\"_self\" id=\"valide\"><span style=\"color:#030000;padding:9px 30px;font-size:22px;line-height:33px;border-color:#71f3ee;border-radius:66px;text-shadow:none\"><i class=\"sui sui-check\" style=\"font-size:22px;color:#FFFFFF\"><\/i> VALIDER<small style=\"padding-bottom:9px;color:#030000\">la charte<\/small><\/span><\/a><\/div><div class=\"su-button-center\"><a href=\"https:\/\/chdouelafontaine.fr\/centre-hospitalier\/\" class=\"su-button su-button-style-flat su-button-wide\" style=\"color:#030000;background-color:#e50828;border-color:#b80720;border-radius:50px\" target=\"_self\" id=\"refuse\"><span style=\"color:#030000;padding:8px 24px;font-size:18px;line-height:27px;border-color:#ed5369;border-radius:50px;text-shadow:none\"><i class=\"sui sui-remove\" style=\"font-size:18px;color:#FFFFFF\"><\/i> REFUSER<small style=\"padding-bottom:8px;color:#030000\">la charte (retour \u00e0 l'accueil)<\/small><\/span><\/a><\/div>\n","protected":false},"excerpt":{"rendered":"<p>Madame, Monsieur ESPACES PROTEGES ET SALONS FERMES \u2013 OUTIL DE PRISE DE RDV INACTIF A CE JOUR SAUF POUR LES VISIO &nbsp; Vous avez d\u00e9sormais acc\u00e8s \u00e0 un outil de PRISE DE RENDEZ-VOUS EN LIGNE. Je vous invite donc \u00e0 les utiliser en vous remerciant de respecter les consignes suivantes\u00a0: Un rendez-vous par semaine par [&hellip;]<\/p>\n","protected":false},"author":8,"featured_media":0,"parent":2050,"menu_order":10,"comment_status":"closed","ping_status":"closed","template":"","meta":{"footnotes":""},"class_list":["post-2362","page","type-page","status-publish","hentry"],"_links":{"self":[{"href":"https:\/\/chdouelafontaine.fr\/centre-hospitalier\/wp-json\/wp\/v2\/pages\/2362","targetHints":{"allow":["GET"]}}],"collection":[{"href":"https:\/\/chdouelafontaine.fr\/centre-hospitalier\/wp-json\/wp\/v2\/pages"}],"about":[{"href":"https:\/\/chdouelafontaine.fr\/centre-hospitalier\/wp-json\/wp\/v2\/types\/page"}],"author":[{"embeddable":true,"href":"https:\/\/chdouelafontaine.fr\/centre-hospitalier\/wp-json\/wp\/v2\/users\/8"}],"replies":[{"embeddable":true,"href":"https:\/\/chdouelafontaine.fr\/centre-hospitalier\/wp-json\/wp\/v2\/comments?post=2362"}],"version-history":[{"count":12,"href":"https:\/\/chdouelafontaine.fr\/centre-hospitalier\/wp-json\/wp\/v2\/pages\/2362\/revisions"}],"predecessor-version":[{"id":2629,"href":"https:\/\/chdouelafontaine.fr\/centre-hospitalier\/wp-json\/wp\/v2\/pages\/2362\/revisions\/2629"}],"up":[{"embeddable":true,"href":"https:\/\/chdouelafontaine.fr\/centre-hospitalier\/wp-json\/wp\/v2\/pages\/2050"}],"wp:attachment":[{"href":"https:\/\/chdouelafontaine.fr\/centre-hospitalier\/wp-json\/wp\/v2\/media?parent=2362"}],"curies":[{"name":"wp","href":"https:\/\/api.w.org\/{rel}","templated":true}]}}