{"id":4044,"date":"2025-08-28T16:25:44","date_gmt":"2025-08-28T14:25:44","guid":{"rendered":"https:\/\/chdouelafontaine.fr\/centre-hospitalier\/?page_id=4044"},"modified":"2025-08-29T11:08:50","modified_gmt":"2025-08-29T09:08:50","slug":"presentation-de-laccueil-de-jour","status":"publish","type":"page","link":"https:\/\/chdouelafontaine.fr\/centre-hospitalier\/presentation-de-laccueil-de-jour\/","title":{"rendered":"PR\u00c9SENTATION DE L&rsquo;ACCUEIL DE JOUR"},"content":{"rendered":"\n<h2 class=\"wp-block-heading\">ACCUEIL DE JOUR \u00ab\u00a0LA HALTE DES SAISONS\u00a0\u00bb<\/h2>\n\n\n\n<h2 class=\"wp-block-heading has-text-align-center has-text-color has-link-color has-large-font-size wp-elements-bf78a8a5a958c9b0f3d79294a9a678b6\" style=\"color:#f48400\">BIENVENUE \u00c0 LA HALTE DES SAISONS<\/h2>\n\n\n\n<div class=\"wp-block-cover is-light\"><img loading=\"lazy\" decoding=\"async\" width=\"1024\" height=\"768\" class=\"wp-block-cover__image-background wp-image-4045 size-large\" alt=\"\" src=\"https:\/\/chdouelafontaine.fr\/centre-hospitalier\/wp-content\/uploads\/2025\/08\/ADJ-SPORT-2-1024x768.jpg\" style=\"object-position:50% 38%\" data-object-fit=\"cover\" data-object-position=\"50% 38%\" srcset=\"https:\/\/chdouelafontaine.fr\/centre-hospitalier\/wp-content\/uploads\/2025\/08\/ADJ-SPORT-2-1024x768.jpg 1024w, https:\/\/chdouelafontaine.fr\/centre-hospitalier\/wp-content\/uploads\/2025\/08\/ADJ-SPORT-2-300x225.jpg 300w, https:\/\/chdouelafontaine.fr\/centre-hospitalier\/wp-content\/uploads\/2025\/08\/ADJ-SPORT-2-768x576.jpg 768w, https:\/\/chdouelafontaine.fr\/centre-hospitalier\/wp-content\/uploads\/2025\/08\/ADJ-SPORT-2-1536x1152.jpg 1536w, https:\/\/chdouelafontaine.fr\/centre-hospitalier\/wp-content\/uploads\/2025\/08\/ADJ-SPORT-2-2048x1536.jpg 2048w\" sizes=\"auto, (max-width: 1024px) 100vw, 1024px\" \/><span aria-hidden=\"true\" class=\"wp-block-cover__background has-background-dim-0 has-background-dim\"><\/span><div class=\"wp-block-cover__inner-container is-layout-constrained wp-block-cover-is-layout-constrained\">\n<p class=\"has-text-align-center has-large-font-size\"><\/p>\n<\/div><\/div>\n\n\n\n<p><\/p>\n\n\n\n<p class=\"has-medium-font-size\">Le service Accueil de Jour est compos\u00e9 de 6 places destin\u00e9es aux personnes \u00e2g\u00e9es, vivant \u00e0 domicile, de plus de 60 ans atteintes de la maladie d\u2019Alzheimer ou de maladies apparent\u00e9es mais suffisamment autonomes (pouvant se tenir debout, pouvant effectuer les transferts assis et debout, s\u2019alimentant seule). <\/p>\n\n\n\n<p><\/p>\n\n\n\n<p class=\"has-text-align-center has-background has-medium-font-size\" style=\"background-color:#f48400\"><strong>Le service est ouvert : <\/strong>                                                                                                                                             <strong>Du lundi au vendredi de 9H30 \u00e0 16H30                                                                                             02.41.83.46.32 ou accueil.jour@chdouelafontaine.fr<\/strong><\/p>\n\n\n\n<p><\/p>\n\n\n\n<p style=\"font-size:25px\"><strong>L&rsquo;ACCOMPAGNEMENT PERSONNALIS\u00c9 :<\/strong><\/p>\n\n\n\n<p class=\"has-medium-font-size\">\u00c0 votre arriv\u00e9e dans le service, les professionnels mettent en place un Projet d&rsquo;Accompagnement Personnalis\u00e9 sur la base de vos souhaits et de vos besoins.<\/p>\n\n\n\n<div class=\"wp-block-columns is-layout-flex wp-container-core-columns-is-layout-9d6595d7 wp-block-columns-is-layout-flex\">\n<div class=\"wp-block-column is-layout-flow wp-block-column-is-layout-flow\">\n<figure class=\"wp-block-image size-large\"><img loading=\"lazy\" decoding=\"async\" width=\"768\" height=\"1024\" src=\"https:\/\/chdouelafontaine.fr\/centre-hospitalier\/wp-content\/uploads\/2025\/08\/ADJ-Date-768x1024.jpg\" alt=\"\" class=\"wp-image-4050\" srcset=\"https:\/\/chdouelafontaine.fr\/centre-hospitalier\/wp-content\/uploads\/2025\/08\/ADJ-Date-768x1024.jpg 768w, https:\/\/chdouelafontaine.fr\/centre-hospitalier\/wp-content\/uploads\/2025\/08\/ADJ-Date-225x300.jpg 225w, https:\/\/chdouelafontaine.fr\/centre-hospitalier\/wp-content\/uploads\/2025\/08\/ADJ-Date-1152x1536.jpg 1152w, https:\/\/chdouelafontaine.fr\/centre-hospitalier\/wp-content\/uploads\/2025\/08\/ADJ-Date-1536x2048.jpg 1536w, https:\/\/chdouelafontaine.fr\/centre-hospitalier\/wp-content\/uploads\/2025\/08\/ADJ-Date-scaled.jpg 1920w\" sizes=\"auto, (max-width: 768px) 100vw, 768px\" \/><\/figure>\n\n\n\n<p><\/p>\n<\/div>\n\n\n\n<div class=\"wp-block-column is-layout-flow wp-block-column-is-layout-flow\">\n<figure class=\"wp-block-image size-large\"><img loading=\"lazy\" decoding=\"async\" width=\"768\" height=\"1024\" src=\"https:\/\/chdouelafontaine.fr\/centre-hospitalier\/wp-content\/uploads\/2025\/08\/ADJ-couture-768x1024.jpg\" alt=\"\" class=\"wp-image-4052\" srcset=\"https:\/\/chdouelafontaine.fr\/centre-hospitalier\/wp-content\/uploads\/2025\/08\/ADJ-couture-768x1024.jpg 768w, https:\/\/chdouelafontaine.fr\/centre-hospitalier\/wp-content\/uploads\/2025\/08\/ADJ-couture-225x300.jpg 225w, https:\/\/chdouelafontaine.fr\/centre-hospitalier\/wp-content\/uploads\/2025\/08\/ADJ-couture-rotated.jpg 1039w\" sizes=\"auto, (max-width: 768px) 100vw, 768px\" \/><\/figure>\n<\/div>\n<\/div>\n\n\n\n<p style=\"font-size:25px\"><strong>LES OBJECTIFS :<\/strong><\/p>\n\n\n\n<ul style=\"background-color:#f48400\" class=\"wp-block-list has-background\">\n<li class=\"has-medium-font-size\">Conserver l\u2019autonomie, pr\u00e9server ou restaurer les aptitudes aux actes de la vie quotidienne,<\/li>\n\n\n\n<li class=\"has-medium-font-size\">Pr\u00e9server les capacit\u00e9s de la personne au moyen d\u2019activit\u00e9s occupationnelles ou th\u00e9rapeutiques,<\/li>\n\n\n\n<li class=\"has-medium-font-size\">Soutenir les aidants en assurant un relais dans un espace s\u00e9curis\u00e9,<\/li>\n\n\n\n<li class=\"has-medium-font-size\">Maintenir les liens sociaux.<\/li>\n<\/ul>\n\n\n\n<p style=\"font-size:25px\"><strong>LES ACTIVIT\u00c9S :<\/strong><\/p>\n\n\n\n<p class=\"has-medium-font-size\">Les activit\u00e9s propos\u00e9es par le service sont individualis\u00e9es en fonction de l\u2019objectif d\u00e9termin\u00e9 \u00e0 l\u2019entr\u00e9e de la personne et prennent en compte ses besoins en sant\u00e9, en soins, en stimulation, de fa\u00e7on p\u00e9dagogique et ludique. Elles visent \u00e0 favoriser la vie en collectivit\u00e9 (jeux, chants, sorties, \u2026) \u00e0 pr\u00e9server les gestes de la vie quotidienne (cuisine, m\u00e9nage, jardinage, \u2026) \u00e0 stimuler les fonctions cognitives et le bien-\u00eatre corporel ainsi que de conserver des relations sociales.<\/p>\n\n\n\n<p><\/p>\n\n\n\n<div class=\"wp-block-buttons is-content-justification-center is-layout-flex wp-container-core-buttons-is-layout-16018d1d wp-block-buttons-is-layout-flex\">\n<div class=\"wp-block-button\"><a class=\"wp-block-button__link has-black-color has-text-color has-background has-link-color has-custom-font-size wp-element-button\" style=\"background-color:#f48400;font-size:17px\">Livret Accueil de Jour<\/a><\/div>\n\n\n\n<div class=\"wp-block-button\"><a class=\"wp-block-button__link has-black-color has-text-color has-background has-link-color has-custom-font-size wp-element-button\" href=\"https:\/\/chdouelafontaine.fr\/centre-hospitalier\/wp-content\/uploads\/2018\/02\/FICHE_INSCRIPTION_ACC_J.pdf\" style=\"background-color:#f48400;font-size:17px\">Dossier d&rsquo;inscription \u00e0 l&rsquo;Accueil de Jour<\/a><\/div>\n\n\n\n<div class=\"wp-block-button\"><a class=\"wp-block-button__link has-black-color has-text-color has-background has-link-color has-custom-font-size wp-element-button\" href=\"https:\/\/chdouelafontaine.fr\/centre-hospitalier\/accueil-de-jour\/tarif-de-laccueil-de-jour\/\" style=\"background-color:#f48400;font-size:17px\">Tarifs de l&rsquo;ADJ<\/a><\/div>\n<\/div>\n\n\n\n<p><\/p>\n","protected":false},"excerpt":{"rendered":"<p>ACCUEIL DE JOUR \u00ab\u00a0LA HALTE DES SAISONS\u00a0\u00bb BIENVENUE \u00c0 LA HALTE DES SAISONS Le service Accueil de Jour est compos\u00e9 de 6 places destin\u00e9es aux personnes \u00e2g\u00e9es, vivant \u00e0 domicile, de plus de 60 ans atteintes de la maladie d\u2019Alzheimer ou de maladies apparent\u00e9es mais suffisamment autonomes (pouvant se tenir debout, pouvant effectuer les transferts [&hellip;]<\/p>\n","protected":false},"author":6,"featured_media":0,"parent":0,"menu_order":0,"comment_status":"closed","ping_status":"closed","template":"","meta":{"footnotes":""},"class_list":["post-4044","page","type-page","status-publish","hentry"],"_links":{"self":[{"href":"https:\/\/chdouelafontaine.fr\/centre-hospitalier\/wp-json\/wp\/v2\/pages\/4044","targetHints":{"allow":["GET"]}}],"collection":[{"href":"https:\/\/chdouelafontaine.fr\/centre-hospitalier\/wp-json\/wp\/v2\/pages"}],"about":[{"href":"https:\/\/chdouelafontaine.fr\/centre-hospitalier\/wp-json\/wp\/v2\/types\/page"}],"author":[{"embeddable":true,"href":"https:\/\/chdouelafontaine.fr\/centre-hospitalier\/wp-json\/wp\/v2\/users\/6"}],"replies":[{"embeddable":true,"href":"https:\/\/chdouelafontaine.fr\/centre-hospitalier\/wp-json\/wp\/v2\/comments?post=4044"}],"version-history":[{"count":11,"href":"https:\/\/chdouelafontaine.fr\/centre-hospitalier\/wp-json\/wp\/v2\/pages\/4044\/revisions"}],"predecessor-version":[{"id":4068,"href":"https:\/\/chdouelafontaine.fr\/centre-hospitalier\/wp-json\/wp\/v2\/pages\/4044\/revisions\/4068"}],"wp:attachment":[{"href":"https:\/\/chdouelafontaine.fr\/centre-hospitalier\/wp-json\/wp\/v2\/media?parent=4044"}],"curies":[{"name":"wp","href":"https:\/\/api.w.org\/{rel}","templated":true}]}}