{"id":604,"date":"2017-11-09T17:26:48","date_gmt":"2017-11-09T16:26:48","guid":{"rendered":"http:\/\/localhost\/www\/ch_doue\/?page_id=604"},"modified":"2025-07-18T15:19:28","modified_gmt":"2025-07-18T13:19:28","slug":"presentation-de-laccueil-de-jour","status":"publish","type":"page","link":"https:\/\/chdouelafontaine.fr\/centre-hospitalier\/accueil-de-jour\/presentation-de-laccueil-de-jour\/","title":{"rendered":"Pr\u00e9sentation de l&rsquo;accueil de jour"},"content":{"rendered":"<div class=\"chdoue-float-address color-accueil-jour\"><strong>ACCUEIL DE JOUR DU CENTRE HOSPITALIER<\/strong><br \/>\n30ter rue Saint-Fran\u00e7ois<br \/>\nDou\u00e9 la Fontaine<br \/>\n49700 Dou\u00e9-en-Anjou<\/div>\n<h2>Accueil de jour : \u00ab\u00a0La halte des saisons\u00a0\u00bb<\/h2>\n<p><a href=\"https:\/\/chdouelafontaine.fr\/centre-hospitalier\/wp-content\/uploads\/2018\/02\/014.jpg\"><img loading=\"lazy\" decoding=\"async\" class=\"alignleft wp-image-1152 size-medium\" src=\"https:\/\/chdouelafontaine.fr\/centre-hospitalier\/wp-content\/uploads\/2018\/02\/014-300x225.jpg\" alt=\"\" width=\"300\" height=\"225\" srcset=\"https:\/\/chdouelafontaine.fr\/centre-hospitalier\/wp-content\/uploads\/2018\/02\/014-300x225.jpg 300w, https:\/\/chdouelafontaine.fr\/centre-hospitalier\/wp-content\/uploads\/2018\/02\/014-768x576.jpg 768w, https:\/\/chdouelafontaine.fr\/centre-hospitalier\/wp-content\/uploads\/2018\/02\/014.jpg 1000w\" sizes=\"auto, (max-width: 300px) 100vw, 300px\" \/><\/a>Le service Accueil de Jour est compos\u00e9 de 6 places destin\u00e9es aux personnes \u00e2g\u00e9es, vivant \u00e0 domicile, de plus de 60 ans atteintes de la maladie d\u2019Alzheimer ou de maladies apparent\u00e9es mais suffisamment autonomes (pouvant se tenir debout, pouvant effectuer les transferts assis et debout, s\u2019alimentant seule). Le service est ouvert :<\/p>\n<p style=\"text-align: left;\"><span style=\"color: #3366ff;\"><strong>Du lundi au vendredi de 9H30 \u00e0 16H30<br \/>\n02 41 83 46 32 ou accueil.jour@chdouelafontaine.fr<\/strong><\/span><\/p>\n<p><iframe loading=\"lazy\" src=\"https:\/\/my.matterport.com\/show\/?m=gE6UTaayFGG\" width=\"853\" height=\"480\" frameborder=\"0\" allowfullscreen=\"allowfullscreen\"><\/iframe><\/p>\n<h5><\/h5>\n<h5><span style=\"color: #2d3e50;\">L\u2019Accompagnement<\/span> <span style=\"color: #d3482f;\">Personnalis\u00e9<\/span> :<\/h5>\n<p>A votre arriv\u00e9e dans le service, les professionnels mettent en place un <strong>P<\/strong>rojet d\u2019<strong>A<\/strong>ccompagnement <strong>P<\/strong>ersonnalis\u00e9 sur la base de vos souhaits et de vos besoins.<\/p>\n<h5><a href=\"https:\/\/chdouelafontaine.fr\/centre-hospitalier\/wp-content\/uploads\/2018\/02\/015.jpg\"><img loading=\"lazy\" decoding=\"async\" class=\"size-medium wp-image-1153 alignleft\" src=\"https:\/\/chdouelafontaine.fr\/centre-hospitalier\/wp-content\/uploads\/2018\/02\/015-300x225.jpg\" alt=\"\" width=\"300\" height=\"225\" srcset=\"https:\/\/chdouelafontaine.fr\/centre-hospitalier\/wp-content\/uploads\/2018\/02\/015-300x225.jpg 300w, https:\/\/chdouelafontaine.fr\/centre-hospitalier\/wp-content\/uploads\/2018\/02\/015-768x576.jpg 768w, https:\/\/chdouelafontaine.fr\/centre-hospitalier\/wp-content\/uploads\/2018\/02\/015.jpg 1000w\" sizes=\"auto, (max-width: 300px) 100vw, 300px\" \/><\/a><span style=\"color: #2d3e50;\">Les<\/span> <span style=\"color: #d3482f;\">Objectifs<\/span> :<\/h5>\n<ul>\n<li>Conserver l\u2019autonomie, pr\u00e9server ou restaurer les aptitudes aux actes de la vie quotidienne,<\/li>\n<li>Pr\u00e9server les capacit\u00e9s de la personne au moyen d\u2019activit\u00e9s occupationnelles ou th\u00e9rapeutiques,<\/li>\n<li>Soutenir les aidants en assurant un relais dans un espace s\u00e9curis\u00e9,<\/li>\n<li>Maintenir les liens sociaux.<\/li>\n<\/ul>\n<h5><\/h5>\n<h5><span style=\"color: #2d3e50;\">Les<\/span> <span style=\"color: #d3482f;\">Activit\u00e9s<\/span> :<\/h5>\n<p><a href=\"https:\/\/chdouelafontaine.fr\/centre-hospitalier\/wp-content\/uploads\/2018\/02\/014.jpg\"><img loading=\"lazy\" decoding=\"async\" class=\"alignright size-medium wp-image-1152\" src=\"https:\/\/chdouelafontaine.fr\/centre-hospitalier\/wp-content\/uploads\/2018\/02\/014-300x225.jpg\" alt=\"\" width=\"300\" height=\"225\" srcset=\"https:\/\/chdouelafontaine.fr\/centre-hospitalier\/wp-content\/uploads\/2018\/02\/014-300x225.jpg 300w, https:\/\/chdouelafontaine.fr\/centre-hospitalier\/wp-content\/uploads\/2018\/02\/014-768x576.jpg 768w, https:\/\/chdouelafontaine.fr\/centre-hospitalier\/wp-content\/uploads\/2018\/02\/014.jpg 1000w\" sizes=\"auto, (max-width: 300px) 100vw, 300px\" \/><\/a>Les activit\u00e9s propos\u00e9es par le service sont individualis\u00e9es en fonction de l\u2019objectif d\u00e9termin\u00e9 \u00e0 l\u2019entr\u00e9e de la personne et prennent en compte ses besoins en sant\u00e9, en soins, en stimulation, de fa\u00e7on p\u00e9dagogique et ludique. Elles visent \u00e0 favoriser la vie en collectivit\u00e9 (jeux, chants, sorties, &#8230;) \u00e0 pr\u00e9server les gestes de la vie quotidienne (cuisine, m\u00e9nage, jardinage, \u2026) \u00e0 stimuler les fonctions cognitives et le bien-\u00eatre corporel ainsi que de conserver des relations sociales.<\/p>\n<p>T\u00e9l\u00e9chargement : <a href=\"https:\/\/chdouelafontaine.fr\/centre-hospitalier\/wp-content\/uploads\/2018\/02\/DOSSIER_INSCRIPTION_ACC_J.pdf\" target=\"_blank\" rel=\"noopener\">Dossier d&rsquo;inscription \u00e0 l\u2019ACCUEIL DE JOUR<\/a><br \/>\nT\u00e9l\u00e9chargement : <a href=\"https:\/\/chdouelafontaine.fr\/centre-hospitalier\/wp-content\/uploads\/2018\/07\/TARIF_ACC_JOUR.pdf\" target=\"_blank\" rel=\"noopener\">Tarifs ACCUEIL DE JOUR<\/a><br \/>\nT\u00e9l\u00e9chargement : <a href=\"https:\/\/chdouelafontaine.fr\/centre-hospitalier\/wp-content\/uploads\/2018\/02\/LIVRET_ACC_J.pdf\" target=\"_blank\" rel=\"noopener\">Livret de l&rsquo;ACCUEIL DE JOUR<\/a><\/p>\n","protected":false},"excerpt":{"rendered":"<p>ACCUEIL DE JOUR DU CENTRE HOSPITALIER 30ter rue Saint-Fran\u00e7ois Dou\u00e9 la Fontaine 49700 Dou\u00e9-en-Anjou Accueil de jour : \u00ab\u00a0La halte des saisons\u00a0\u00bb Le service Accueil de Jour est compos\u00e9 de 6 places destin\u00e9es aux personnes \u00e2g\u00e9es, vivant \u00e0 domicile, de plus de 60 ans atteintes de la maladie d\u2019Alzheimer ou de maladies apparent\u00e9es mais suffisamment [&hellip;]<\/p>\n","protected":false},"author":1,"featured_media":0,"parent":965,"menu_order":1,"comment_status":"closed","ping_status":"closed","template":"","meta":{"footnotes":""},"class_list":["post-604","page","type-page","status-publish","hentry"],"_links":{"self":[{"href":"https:\/\/chdouelafontaine.fr\/centre-hospitalier\/wp-json\/wp\/v2\/pages\/604","targetHints":{"allow":["GET"]}}],"collection":[{"href":"https:\/\/chdouelafontaine.fr\/centre-hospitalier\/wp-json\/wp\/v2\/pages"}],"about":[{"href":"https:\/\/chdouelafontaine.fr\/centre-hospitalier\/wp-json\/wp\/v2\/types\/page"}],"author":[{"embeddable":true,"href":"https:\/\/chdouelafontaine.fr\/centre-hospitalier\/wp-json\/wp\/v2\/users\/1"}],"replies":[{"embeddable":true,"href":"https:\/\/chdouelafontaine.fr\/centre-hospitalier\/wp-json\/wp\/v2\/comments?post=604"}],"version-history":[{"count":42,"href":"https:\/\/chdouelafontaine.fr\/centre-hospitalier\/wp-json\/wp\/v2\/pages\/604\/revisions"}],"predecessor-version":[{"id":3349,"href":"https:\/\/chdouelafontaine.fr\/centre-hospitalier\/wp-json\/wp\/v2\/pages\/604\/revisions\/3349"}],"up":[{"embeddable":true,"href":"https:\/\/chdouelafontaine.fr\/centre-hospitalier\/wp-json\/wp\/v2\/pages\/965"}],"wp:attachment":[{"href":"https:\/\/chdouelafontaine.fr\/centre-hospitalier\/wp-json\/wp\/v2\/media?parent=604"}],"curies":[{"name":"wp","href":"https:\/\/api.w.org\/{rel}","templated":true}]}}

Présentation de l&rsquo;accueil de jour

<div class="chdoue-float-address color-accueil-jour"><strong>ACCUEIL DE JOUR DU CENTRE HOSPITALIER</strong><br />
30ter rue Saint-François<br />
Doué la Fontaine<br />
49700 Doué-en-Anjou</div>
<h2>Accueil de jour : « La halte des saisons »</h2>
<p><a href="https://chdouelafontaine.fr/centre-hospitalier/wp-content/uploads/2018/02/014.jpg"><img loading="lazy" decoding="async" class="alignleft wp-image-1152 size-medium" src="https://chdouelafontaine.fr/centre-hospitalier/wp-content/uploads/2018/02/014-300x225.jpg" alt="" width="300" height="225" srcset="https://chdouelafontaine.fr/centre-hospitalier/wp-content/uploads/2018/02/014-300x225.jpg 300w, https://chdouelafontaine.fr/centre-hospitalier/wp-content/uploads/2018/02/014-768x576.jpg 768w, https://chdouelafontaine.fr/centre-hospitalier/wp-content/uploads/2018/02/014.jpg 1000w" sizes="auto, (max-width: 300px) 100vw, 300px" /></a>Le service Accueil de Jour est composé de 6 places destinées aux personnes âgées, vivant à domicile, de plus de 60 ans atteintes de la maladie d’Alzheimer ou de maladies apparentées mais suffisamment autonomes (pouvant se tenir debout, pouvant effectuer les transferts assis et debout, s’alimentant seule). Le service est ouvert :</p>
<p style="text-align: left;"><span style="color: #3366ff;"><strong>Du lundi au vendredi de 9H30 à 16H30<br />
02 41 83 46 32 ou accueil.jour@chdouelafontaine.fr</strong></span></p>
<p><iframe loading="lazy" src="https://my.matterport.com/show/?m=gE6UTaayFGG" width="853" height="480" frameborder="0" allowfullscreen="allowfullscreen"></iframe></p>
<h5></h5>
<h5><span style="color: #2d3e50;">L’Accompagnement</span> <span style="color: #d3482f;">Personnalisé</span> :</h5>
<p>A votre arrivée dans le service, les professionnels mettent en place un <strong>P</strong>rojet d’<strong>A</strong>ccompagnement <strong>P</strong>ersonnalisé sur la base de vos souhaits et de vos besoins.</p>
<h5><a href="https://chdouelafontaine.fr/centre-hospitalier/wp-content/uploads/2018/02/015.jpg"><img loading="lazy" decoding="async" class="size-medium wp-image-1153 alignleft" src="https://chdouelafontaine.fr/centre-hospitalier/wp-content/uploads/2018/02/015-300x225.jpg" alt="" width="300" height="225" srcset="https://chdouelafontaine.fr/centre-hospitalier/wp-content/uploads/2018/02/015-300x225.jpg 300w, https://chdouelafontaine.fr/centre-hospitalier/wp-content/uploads/2018/02/015-768x576.jpg 768w, https://chdouelafontaine.fr/centre-hospitalier/wp-content/uploads/2018/02/015.jpg 1000w" sizes="auto, (max-width: 300px) 100vw, 300px" /></a><span style="color: #2d3e50;">Les</span> <span style="color: #d3482f;">Objectifs</span> :</h5>
<ul>
<li>Conserver l’autonomie, préserver ou restaurer les aptitudes aux actes de la vie quotidienne,</li>
<li>Préserver les capacités de la personne au moyen d’activités occupationnelles ou thérapeutiques,</li>
<li>Soutenir les aidants en assurant un relais dans un espace sécurisé,</li>
<li>Maintenir les liens sociaux.</li>
</ul>
<h5></h5>
<h5><span style="color: #2d3e50;">Les</span> <span style="color: #d3482f;">Activités</span> :</h5>
<p><a href="https://chdouelafontaine.fr/centre-hospitalier/wp-content/uploads/2018/02/014.jpg"><img loading="lazy" decoding="async" class="alignright size-medium wp-image-1152" src="https://chdouelafontaine.fr/centre-hospitalier/wp-content/uploads/2018/02/014-300x225.jpg" alt="" width="300" height="225" srcset="https://chdouelafontaine.fr/centre-hospitalier/wp-content/uploads/2018/02/014-300x225.jpg 300w, https://chdouelafontaine.fr/centre-hospitalier/wp-content/uploads/2018/02/014-768x576.jpg 768w, https://chdouelafontaine.fr/centre-hospitalier/wp-content/uploads/2018/02/014.jpg 1000w" sizes="auto, (max-width: 300px) 100vw, 300px" /></a>Les activités proposées par le service sont individualisées en fonction de l’objectif déterminé à l’entrée de la personne et prennent en compte ses besoins en santé, en soins, en stimulation, de façon pédagogique et ludique. Elles visent à favoriser la vie en collectivité (jeux, chants, sorties, &#8230;) à préserver les gestes de la vie quotidienne (cuisine, ménage, jardinage, …) à stimuler les fonctions cognitives et le bien-être corporel ainsi que de conserver des relations sociales.</p>
<p>Téléchargement : <a href="https://chdouelafontaine.fr/centre-hospitalier/wp-content/uploads/2018/02/DOSSIER_INSCRIPTION_ACC_J.pdf" target="_blank" rel="noopener">Dossier d&rsquo;inscription à l’ACCUEIL DE JOUR</a><br />
Téléchargement : <a href="https://chdouelafontaine.fr/centre-hospitalier/wp-content/uploads/2018/07/TARIF_ACC_JOUR.pdf" target="_blank" rel="noopener">Tarifs ACCUEIL DE JOUR</a><br />
Téléchargement : <a href="https://chdouelafontaine.fr/centre-hospitalier/wp-content/uploads/2018/02/LIVRET_ACC_J.pdf" target="_blank" rel="noopener">Livret de l&rsquo;ACCUEIL DE JOUR</a></p>

<p>ACCUEIL DE JOUR DU CENTRE HOSPITALIER 30ter rue Saint-François Doué la Fontaine 49700 Doué-en-Anjou Accueil de jour : « La halte des saisons » Le service Accueil de Jour est composé de 6 places destinées aux personnes âgées, vivant à domicile, de plus de 60 ans atteintes de la maladie d’Alzheimer ou de maladies apparentées mais suffisamment [&hellip;]</p>
