{"id":723,"date":"2017-11-28T14:52:19","date_gmt":"2017-11-28T13:52:19","guid":{"rendered":"http:\/\/localhost\/www\/ch_doue\/?page_id=723"},"modified":"2025-08-28T16:18:28","modified_gmt":"2025-08-28T14:18:28","slug":"tarif-de-laccueil-de-jour","status":"publish","type":"page","link":"https:\/\/chdouelafontaine.fr\/centre-hospitalier\/accueil-de-jour\/tarif-de-laccueil-de-jour\/","title":{"rendered":"Tarif de l&rsquo;accueil de jour"},"content":{"rendered":"\n<h2 class=\"wp-block-heading\">TARIF DE L&rsquo;ACCUEIL DE JOUR<\/h2>\n\n\n\n<div class=\"wp-block-cover is-light\"><img loading=\"lazy\" decoding=\"async\" width=\"1500\" height=\"1000\" class=\"wp-block-cover__image-background wp-image-3997 size-full\" alt=\"\" src=\"https:\/\/chdouelafontaine.fr\/centre-hospitalier\/wp-content\/uploads\/2025\/08\/adjjjjjjjj.jpeg\" style=\"object-position:54% 70%\" data-object-fit=\"cover\" data-object-position=\"54% 70%\" srcset=\"https:\/\/chdouelafontaine.fr\/centre-hospitalier\/wp-content\/uploads\/2025\/08\/adjjjjjjjj.jpeg 1500w, https:\/\/chdouelafontaine.fr\/centre-hospitalier\/wp-content\/uploads\/2025\/08\/adjjjjjjjj-300x200.jpeg 300w, https:\/\/chdouelafontaine.fr\/centre-hospitalier\/wp-content\/uploads\/2025\/08\/adjjjjjjjj-1024x683.jpeg 1024w, https:\/\/chdouelafontaine.fr\/centre-hospitalier\/wp-content\/uploads\/2025\/08\/adjjjjjjjj-768x512.jpeg 768w\" sizes=\"auto, (max-width: 1500px) 100vw, 1500px\" \/><span aria-hidden=\"true\" class=\"wp-block-cover__background has-background-dim-0 has-background-dim\" style=\"background-color:#a59e93\"><\/span><div class=\"wp-block-cover__inner-container is-layout-constrained wp-block-cover-is-layout-constrained\">\n<p class=\"has-text-align-center has-large-font-size\"><\/p>\n<\/div><\/div>\n\n\n\n<p><\/p>\n\n\n\n<p class=\"has-medium-font-size\"><strong>Le tarification de votre s\u00e9jour se d\u00e9compose en trois parties :<\/strong><\/p>\n\n\n\n<ul class=\"wp-block-list\">\n<li class=\"has-medium-font-size\"><strong>Les tarifs h\u00e9bergement et d\u00e9pendance<\/strong> correspondant aux co\u00fbts d\u2019h\u00f4tellerie et aux co\u00fbts induits par la perte d\u2019autonomie sont \u00e0 votre charge en totalit\u00e9 ou seulement en partie.<\/li>\n\n\n\n<li class=\"has-medium-font-size\"><strong>Le co\u00fbt des soins<\/strong> dispens\u00e9s, est vers\u00e9 directement \u00e0 l\u2019\u00e9tablissement par l\u2019assurance maladie, pour la prise en charge des soins dont vous b\u00e9n\u00e9ficiez<\/li>\n\n\n\n<li class=\"has-medium-font-size\"><strong>Les transports<\/strong> sont organis\u00e9s par le service et compris dans le tarif h\u00e9bergement.<\/li>\n<\/ul>\n\n\n<h3><span style=\"text-decoration: underline;\"><span style=\"font-size: revert; font-weight: revert; color: #2d3e50; text-decoration: underline;\">TARIF<\/span> <span style=\"font-size: revert; font-weight: revert; color: #ff0000; text-decoration: underline;\">ACCUEIL DE JOUR 2025<\/span><\/span><\/h3>\n<h4>Des tarifs journaliers applicables \u00e0 la date du <span style=\"color: #ff0000;\">01\/05\/2025 :<\/span><\/h4>\n<table style=\"width: 1095px; height: 142px;\">\n<tbody>\n<tr>\n<th style=\"text-align: center; vertical-align: middle; width: 48px;\">GIR<\/th>\n<th style=\"text-align: center; vertical-align: middle; width: 317px;\">Tarif H\u00e9bergement<\/th>\n<th style=\"text-align: center; vertical-align: middle; width: 342px;\">Tarif D\u00e9pendance Domicili\u00e9 dans le d\u00e9partement<\/th>\n<th style=\"background-color: #a6a6a6; text-align: center; vertical-align: middle; width: 319px;\">TOTAL Domicili\u00e9 dans le d\u00e9partement<\/th>\n<\/tr>\n<tr>\n<td style=\"text-align: center; vertical-align: middle; width: 48px;\"><strong>1 et 2<\/strong><\/td>\n<td style=\"text-align: center; vertical-align: middle; width: 317px;\">15.52\u20ac<\/td>\n<td style=\"text-align: center; vertical-align: middle; width: 342px;\">28.32\u20ac<\/td>\n<th style=\"background-color: #a6a6a6; text-align: center; vertical-align: middle; width: 319px;\">43.84\u20ac<\/th>\n<\/tr>\n<tr>\n<td style=\"text-align: center; vertical-align: middle; width: 48px;\"><strong>3 et 4<\/strong><\/td>\n<td style=\"text-align: center; vertical-align: middle; width: 317px;\">15.52\u20ac<\/td>\n<td style=\"text-align: center; vertical-align: middle; width: 342px;\">28.32\u20ac<\/td>\n<th style=\"background-color: #a6a6a6; text-align: center; vertical-align: middle; width: 319px;\">43.84\u20ac<\/th>\n<\/tr>\n<tr>\n<td style=\"text-align: center; vertical-align: middle; width: 48px;\"><strong>5 et 6<\/strong><\/td>\n<td style=\"text-align: center; vertical-align: middle; width: 317px;\">15.52\u20ac<\/td>\n<td style=\"text-align: center; vertical-align: middle; width: 342px;\">28.32\u20ac<\/td>\n<th style=\"background-color: #a6a6a6; text-align: center; vertical-align: middle; width: 319px;\">43.84\u20ac<\/th>\n<\/tr>\n<\/tbody>\n<\/table>\n\n\n<p><\/p>\n","protected":false},"excerpt":{"rendered":"<p>TARIF DE L&rsquo;ACCUEIL DE JOUR Le tarification de votre s\u00e9jour se d\u00e9compose en trois parties : TARIF ACCUEIL DE JOUR 2025 Des tarifs journaliers applicables \u00e0 la date du 01\/05\/2025 : GIR Tarif H\u00e9bergement Tarif D\u00e9pendance Domicili\u00e9 dans le d\u00e9partement TOTAL Domicili\u00e9 dans le d\u00e9partement 1 et 2 15.52\u20ac 28.32\u20ac 43.84\u20ac 3 et 4 15.52\u20ac [&hellip;]<\/p>\n","protected":false},"author":1,"featured_media":0,"parent":965,"menu_order":7,"comment_status":"closed","ping_status":"closed","template":"","meta":{"footnotes":""},"class_list":["post-723","page","type-page","status-publish","hentry"],"_links":{"self":[{"href":"https:\/\/chdouelafontaine.fr\/centre-hospitalier\/wp-json\/wp\/v2\/pages\/723","targetHints":{"allow":["GET"]}}],"collection":[{"href":"https:\/\/chdouelafontaine.fr\/centre-hospitalier\/wp-json\/wp\/v2\/pages"}],"about":[{"href":"https:\/\/chdouelafontaine.fr\/centre-hospitalier\/wp-json\/wp\/v2\/types\/page"}],"author":[{"embeddable":true,"href":"https:\/\/chdouelafontaine.fr\/centre-hospitalier\/wp-json\/wp\/v2\/users\/1"}],"replies":[{"embeddable":true,"href":"https:\/\/chdouelafontaine.fr\/centre-hospitalier\/wp-json\/wp\/v2\/comments?post=723"}],"version-history":[{"count":38,"href":"https:\/\/chdouelafontaine.fr\/centre-hospitalier\/wp-json\/wp\/v2\/pages\/723\/revisions"}],"predecessor-version":[{"id":4043,"href":"https:\/\/chdouelafontaine.fr\/centre-hospitalier\/wp-json\/wp\/v2\/pages\/723\/revisions\/4043"}],"up":[{"embeddable":true,"href":"https:\/\/chdouelafontaine.fr\/centre-hospitalier\/wp-json\/wp\/v2\/pages\/965"}],"wp:attachment":[{"href":"https:\/\/chdouelafontaine.fr\/centre-hospitalier\/wp-json\/wp\/v2\/media?parent=723"}],"curies":[{"name":"wp","href":"https:\/\/api.w.org\/{rel}","templated":true}]}}